{"id":222,"date":"2024-05-09T23:11:01","date_gmt":"2024-05-09T22:11:01","guid":{"rendered":"https:\/\/akrar.eu\/?page_id=222"},"modified":"2024-07-17T21:59:46","modified_gmt":"2024-07-17T20:59:46","slug":"ueber-akrar-2","status":"publish","type":"page","link":"https:\/\/akrar.eu\/?page_id=222","title":{"rendered":"\u00dcber AKrar"},"content":{"rendered":"\n    \n    <section class=\"u-clearfix u-palette-2-base u-section-2\" id=\"carousel_5111\">\n      <div class=\"u-clearfix u-sheet u-sheet-1\">\n        <div class=\"u-expanded-width-sm u-shape u-shape-svg u-text-palette-1-base u-shape-1\" data-animation-name=\"customAnimationIn\" data-animation-duration=\"1500\" data-animation-delay=\"250\">\n          <svg class=\"u-svg-link\" preserveAspectRatio=\"none\" viewBox=\"0 0 160 160\" style=\"\"><use xlink:href=\"#svg-b716\"><\/use><\/svg>\n          <svg class=\"u-svg-content\" viewBox=\"0 0 160 160\" x=\"0px\" y=\"0px\" id=\"svg-b716\"><path d=\"M157.4,45.5c11.3-39.1-16.3-50.2-43.8-43.8c-25.2,5.8-35.5,17.2-61,16.5C21.7,17.4,0,39.8,0,71.3\n\tc0,49.1,58.2,47.8,76.2,68.5c38.8,44.7,92.8,8.2,79.3-40.3C148.1,73.2,155.9,50.6,157.4,45.5z\"><\/path><\/svg>\n        <\/div>\n        <div class=\"u-shape u-shape-svg u-text-palette-4-base u-shape-2\" data-animation-name=\"customAnimationIn\" data-animation-duration=\"1500\" data-animation-delay=\"0\">\n          <svg class=\"u-svg-link\" preserveAspectRatio=\"none\" viewBox=\"0 0 160 150\" style=\"\"><use xlink:href=\"#svg-58d1\"><\/use><\/svg>\n          <svg class=\"u-svg-content\" viewBox=\"0 0 160 150\" x=\"0px\" y=\"0px\" id=\"svg-58d1\"><path d=\"M43.2,126.9c14.2,1.3,27.6,7,39.1,15.6c8.3,6.1,19.4,10.3,32.7,5.3c11.7-4.4,18.6-17.4,21-30.2c2.6-13.3,8.1-25.9,15.7-37.1\n\tc8.3-12.1,10.8-27.9,5.3-42.7C150.5,20.3,134.6,9,117,7.6C107.9,6.9,98.8,5,90.1,1.9C83-0.6,75-0.7,67.4,2.1\n\tc-9.9,3.7-17,11.6-20.1,21c-3.3,10.1-10.9,18-20.6,22.2c-0.1,0-0.1,0.1-0.2,0.1c-20.3,8.9-31,32-24.6,53.2\n\tC6.9,115.6,25.2,125.2,43.2,126.9z\"><\/path><\/svg>\n        <\/div>\n        <div class=\"u-image u-image-circle u-image-1\" alt=\"\" data-image-width=\"512\" data-image-height=\"768\" data-animation-name=\"flipIn\" data-animation-duration=\"1500\" data-animation-direction=\"X\" data-animation-delay=\"750\" style=\"background-image: url(&quot;https:\/\/akrar.eu\/wp-content\/uploads\/2024\/05\/AK_02-web.jpg&quot;);\"><\/div>\n        <div class=\"u-container-style u-expanded-width-sm u-expanded-width-xs u-group u-radius-24 u-shape-round u-white u-group-1\" data-animation-name=\"customAnimationIn\" data-animation-duration=\"1500\" data-animation-delay=\"750\">\n          <div class=\"u-container-layout u-container-layout-1\">\n            <h2 class=\"u-text u-text-palette-1-base u-text-1\"> Wof\u00fcr steht AKrar?<\/h2>\n            <h4 class=\"u-text u-text-2\">\n              <span class=\"u-text-palette-1-base\"> A<\/span>\n              <span class=\"u-text-palette-1-base\">K<\/span> \u2013 <span class=\"u-text-palette-1-base\">A<\/span>lexander <span class=\"u-text-palette-1-base\">K<\/span>\u00e4b<br>\n            <\/h4>\n            <p class=\"u-text u-text-3\"> meine Initialen&nbsp;und seit 4 Generationen die Initialen meiner Vorfahren.<\/p>\n            <h4 class=\"u-text u-text-palette-1-base u-text-4\">Agrar<\/h4>\n            <p class=\"u-text u-text-5\"> Landwirtschaft pr\u00e4gte mich von Kindesbeinen an. Ich durfte in der Landwirtschaft aufwachsen und unseren Hof betreiben wir heute im Nebenerwerb nach den Richtlinien des \u00f6kologischen Landbaus. &nbsp;<br>\n              <br>Mit dem Abschluss als Diplom-Wirtschaftsingenieur (FH) im Studiengang Agrarmarketing und Management an der Fachhochschule Weihenstephan startete ich 2009 in der Landtechnikbranche.<br>\n              <br>Im Jahr 2021 ergab sich die Gelegenheit ein eigenes Gewerbe zu gr\u00fcnden und AKrar ging an den Start.<br>\n            <\/p>\n          <\/div>\n        <\/div>\n      <\/div>\n    <\/section>\n    <section class=\"u-clearfix u-section-3\" id=\"carousel_8f39\">\n      <div class=\"u-align-left u-expanded-width u-palette-1-base u-shape u-shape-1\"><\/div>\n      <div class=\"data-layout-selected u-clearfix u-gutter-30 u-layout-wrap u-layout-wrap-1\">\n        <div class=\"u-gutter-0 u-layout\">\n          <div class=\"u-layout-row\">\n            <div class=\"u-size-33 u-size-60-md\">\n              <div class=\"u-layout-row\">\n                <div class=\"u-align-left u-container-style u-image u-layout-cell u-left-cell u-size-60 u-image-1\" src=\"\" data-image-width=\"3024\" data-image-height=\"4032\" style=\"background-image: url(&quot;https:\/\/akrar.eu\/wp-content\/uploads\/2024\/07\/Akrar2-scaled.jpg&quot;);\">\n                  <div class=\"u-container-layout u-container-layout-1\" src=\"\"><\/div>\n                <\/div>\n              <\/div>\n            <\/div>\n            <div class=\"u-size-27 u-size-60-md\">\n              <div class=\"u-layout-col\">\n                <div class=\"u-size-30\">\n                  <div class=\"u-layout-row\">\n                    <div class=\"u-align-left u-container-style u-layout-cell u-palette-1-base u-right-cell u-size-60 u-layout-cell-2\" src=\"\">\n                      <div class=\"u-container-layout u-container-layout-2\">\n                        <h1 class=\"u-text u-text-1\">Beratung &amp; Vertrieb<br>\n                        <\/h1>\n                        <p class=\"u-text u-text-body-alt-color u-text-2\"> Mein Anspruch ist, dass sich meine Kunden bei mir bestens beraten f\u00fchlen und mit AKrar einen Mehrwert erzielen. Das pers\u00f6nliche Gespr\u00e4ch ist mir sehr wichtig, nur so lassen sich ideale L\u00f6sungen finden. Bei der Lieferanten- und Programmauswahl steht f\u00fcr mich zwingend die Eignung der Produkte f\u00fcr eine nachhaltige und ressourcenschonende Landwirtschaft im Fokus. Meine Vertriebsaktivit\u00e4ten konzentrieren sich im Wesentlichen auf S\u00fcddeutschland und ich bin hier f\u00fcr Landmaschinenh\u00e4ndler und Endkunden gerne Ihr Ansprechpartner zu den Produkten der aufgef\u00fchrten Hersteller.<\/p>\n                      <\/div>\n                    <\/div>\n                  <\/div>\n                <\/div>\n                <div class=\"u-size-30\">\n                  <div class=\"u-layout-row\">\n                    <div class=\"u-align-left u-container-style u-image u-layout-cell u-size-60 u-image-2\" src=\"\" data-image-width=\"3060\" data-image-height=\"4080\" style=\"background-image: url(&quot;https:\/\/akrar.eu\/wp-content\/uploads\/2024\/07\/Akrar-scaled.jpg&quot;);\">\n                      <div class=\"u-container-layout u-container-layout-3\" src=\"\"><\/div>\n                    <\/div>\n                  <\/div>\n                <\/div>\n              <\/div>\n            <\/div>\n          <\/div>\n        <\/div>\n      <\/div>\n    <\/section>\n    \n    \n    \n  \n","protected":false},"excerpt":{"rendered":"<p>Wof\u00fcr steht AKrar? A K \u2013 Alexander K\u00e4b meine Initialen&nbsp;und seit 4 Generationen die Initialen meiner Vorfahren. Agrar Landwirtschaft pr\u00e4gte mich von Kindesbeinen an. Ich durfte in der Landwirtschaft aufwachsen und unseren Hof betreiben wir heute im Nebenerwerb nach den Richtlinien des \u00f6kologischen Landbaus. &nbsp; Mit dem Abschluss als Diplom-Wirtschaftsingenieur (FH) im Studiengang Agrarmarketing und &hellip; <a href=\"https:\/\/akrar.eu\/?page_id=222\" class=\"more-link\">Continue reading<span class=\"screen-reader-text\"> &#8222;\u00dcber AKrar&#8220;<\/span><\/a><\/p>\n","protected":false},"author":2,"featured_media":0,"parent":0,"menu_order":0,"comment_status":"closed","ping_status":"closed","template":"","meta":{"_monsterinsights_skip_tracking":false,"_monsterinsights_sitenote_active":false,"_monsterinsights_sitenote_note":"","_monsterinsights_sitenote_category":0,"footnotes":""},"class_list":["post-222","page","type-page","status-publish","hentry"],"aioseo_notices":[],"_links":{"self":[{"href":"https:\/\/akrar.eu\/index.php?rest_route=\/wp\/v2\/pages\/222","targetHints":{"allow":["GET"]}}],"collection":[{"href":"https:\/\/akrar.eu\/index.php?rest_route=\/wp\/v2\/pages"}],"about":[{"href":"https:\/\/akrar.eu\/index.php?rest_route=\/wp\/v2\/types\/page"}],"author":[{"embeddable":true,"href":"https:\/\/akrar.eu\/index.php?rest_route=\/wp\/v2\/users\/2"}],"replies":[{"embeddable":true,"href":"https:\/\/akrar.eu\/index.php?rest_route=%2Fwp%2Fv2%2Fcomments&post=222"}],"version-history":[{"count":11,"href":"https:\/\/akrar.eu\/index.php?rest_route=\/wp\/v2\/pages\/222\/revisions"}],"predecessor-version":[{"id":842,"href":"https:\/\/akrar.eu\/index.php?rest_route=\/wp\/v2\/pages\/222\/revisions\/842"}],"wp:attachment":[{"href":"https:\/\/akrar.eu\/index.php?rest_route=%2Fwp%2Fv2%2Fmedia&parent=222"}],"curies":[{"name":"wp","href":"https:\/\/api.w.org\/{rel}","templated":true}]}}